{"id":471,"date":"2017-07-20T17:11:23","date_gmt":"2017-07-20T17:11:23","guid":{"rendered":"http:\/\/jeromepoulain.com\/wordpress\/?page_id=471"},"modified":"2022-03-29T08:48:45","modified_gmt":"2022-03-29T08:48:45","slug":"premiere-consultation-gratuite","status":"publish","type":"page","link":"https:\/\/jeromepoulain.com\/wordpress\/?page_id=471","title":{"rendered":"PREMIERE CONSULTATION GRATUITE"},"content":{"rendered":"<h5 style=\"color: #ffffff;\"><strong>PREMIERE CONSULTATION GRATUITE<\/strong><a href=\"https:\/\/www.facebook.com\/pg\/1%C3%A8re-Consultation-Gratuite-1847156358900276\/\">(&gt;&gt;&gt;FBK)<\/a><\/h5>\n<h5 style=\"color: #ffffff;\">\n<p><strong><\/p>\n<p>Pour les prises de rendez-vous,<br \/>\nmerci d&rsquo;appeler le secr\u00e9tariat des Docteurs Choucas et Tarpon<br \/>\nau 02 47 52 63 75<\/strong><br \/>\n<\/h5>\n<p>&nbsp;<\/p>\n<h5 style=\"color: #ffffff;\"><strong>PREMIERE CONSULTATION GRATUITE<br \/>\n<em>Entresort introspectif<\/em><\/h5>\n<p align=\"center\"><span style=\"color: #ffffff;\"><span style=\"font-size: small;\">Depuis 2017, nous, les psychanalystes<br \/>\nDenis Choucas et Jean-Marie Tarpon,<br \/>\nvous invitons \u00e0 un temps de partage au coin de nos rues.<br \/>\nEn groupe, dans un lieu de confiance o\u00f9 le secret professionnel<br \/>\nest scrupuleusement respect\u00e9, nous vous donnons la parole.<br \/>\nSaisissez-la, pour un moment d\u2019\u00e9change bienveillant et<br \/>\nfaisons ensemble un \u00e9tat des lieux de votre inconscient, pi\u00e8ce apr\u00e8s pi\u00e8ce.<br \/>\nCette premi\u00e8re s\u00e9ance de 30 minutes vous est offerte.<br \/>\nRejoignez-nous sur les chemins du \u00e7a, du surmoi, du moi, du toi&#8230;<\/strong><\/p>\n<p><em><span style=\"color: #ffffff;\"><span style=\"font-size: small;\">Entresort en lieu fixe<br \/>\nDur\u00e9e d&rsquo;une s\u00e9ance : environ 30 mn<br \/>\nA partir de 12 ans (les mineurs doivent \u00eatre accompagn\u00e9s d&rsquo;un adulte consentant)<br \/>\n\u00c9criture et jeu : Stanislas Hilairet, J\u00e9r\u00f4me Heuz\u00e9, J\u00e9r\u00f4me Dupin<br \/>\nAide \u00e0 l&rsquo;\u00e9criture et \u00e0 la mise en sc\u00e8ne : Sophie Mesnager<br \/>\nComplicit\u00e9 artistique : Diane Bonnot<br \/>\nSc\u00e9nographie : St\u00e9phanie Delpouve<br \/>\nAccessoires : Delphine Guibert<br \/>\nAvec le soutien de la Ville de Jou\u00e9-l\u00e8s-Tours<br \/>\nCr\u00e9ation 2017<\/em><\/span><\/span><\/p>\n<p><body id=\"premiereconsultation\" ><br \/>\n<\/body><\/p>\n","protected":false},"excerpt":{"rendered":"<p>PREMIERE CONSULTATION GRATUITE(&gt;&gt;&gt;FBK) Pour les prises de rendez-vous, merci d&rsquo;appeler le secr\u00e9tariat des Docteurs Choucas et Tarpon au 02 47 52 63 75 &nbsp; PREMIERE CONSULTATION GRATUITE Entresort introspectif Depuis 2017, nous, les psychanalystes Denis Choucas et Jean-Marie Tarpon, vous &hellip; <a href=\"https:\/\/jeromepoulain.com\/wordpress\/?page_id=471\">Lire la suite <span class=\"meta-nav\">&rarr;<\/span><\/a><\/p>\n","protected":false},"author":1,"featured_media":0,"parent":0,"menu_order":0,"comment_status":"closed","ping_status":"closed","template":"showcase.php","meta":{"footnotes":""},"class_list":["post-471","page","type-page","status-publish","hentry"],"_links":{"self":[{"href":"https:\/\/jeromepoulain.com\/wordpress\/index.php?rest_route=\/wp\/v2\/pages\/471","targetHints":{"allow":["GET"]}}],"collection":[{"href":"https:\/\/jeromepoulain.com\/wordpress\/index.php?rest_route=\/wp\/v2\/pages"}],"about":[{"href":"https:\/\/jeromepoulain.com\/wordpress\/index.php?rest_route=\/wp\/v2\/types\/page"}],"author":[{"embeddable":true,"href":"https:\/\/jeromepoulain.com\/wordpress\/index.php?rest_route=\/wp\/v2\/users\/1"}],"replies":[{"embeddable":true,"href":"https:\/\/jeromepoulain.com\/wordpress\/index.php?rest_route=%2Fwp%2Fv2%2Fcomments&post=471"}],"version-history":[{"count":61,"href":"https:\/\/jeromepoulain.com\/wordpress\/index.php?rest_route=\/wp\/v2\/pages\/471\/revisions"}],"predecessor-version":[{"id":628,"href":"https:\/\/jeromepoulain.com\/wordpress\/index.php?rest_route=\/wp\/v2\/pages\/471\/revisions\/628"}],"wp:attachment":[{"href":"https:\/\/jeromepoulain.com\/wordpress\/index.php?rest_route=%2Fwp%2Fv2%2Fmedia&parent=471"}],"curies":[{"name":"wp","href":"https:\/\/api.w.org\/{rel}","templated":true}]}}